{"id":11905,"date":"2024-09-22T21:56:40","date_gmt":"2024-09-22T21:56:40","guid":{"rendered":"https:\/\/mfk.hr\/2024\/?page_id=11905"},"modified":"2024-09-26T09:35:48","modified_gmt":"2024-09-26T09:35:48","slug":"slucaj-vlastite-pogibelji","status":"publish","type":"page","link":"https:\/\/mfk.hr\/2024\/slucaj-vlastite-pogibelji\/","title":{"rendered":"PROMOCIJA: Slu\u010daj vlastite pogibelji"},"content":{"rendered":"<\/div><\/div><\/div><!-- close content main div --><\/div><\/div><div id='naslov_bijeli' class='avia-section main_color avia-section-default avia-no-shadow avia-bg-style-scroll  container_wrap sidebar_right'   ><div class='container' ><div class='template-page content  av-content-small alpha units'><div class='post-entry post-entry-type-page post-entry-11905'><div class='entry-content-wrapper clearfix'>\n<div style='padding-bottom:0px;' class='av-special-heading av-special-heading-h1  blockquote modern-quote modern-centered '><h1 class='av-special-heading-tag'  itemprop=\"headline\"  >PROMOCIJA: Kristian Novak: Slu\u010daj vlastite pogibelji<\/h1><div class='special-heading-border'><div class='special-heading-inner-border' ><\/div><\/div><\/div>\n<\/div><\/div><\/div><!-- close content main div --><\/div><\/div><div id='after_section_1' class='main_color av_default_container_wrap container_wrap sidebar_right'   ><div class='container' ><div class='template-page content  av-content-small alpha units'><div class='post-entry post-entry-type-page post-entry-11905'><div class='entry-content-wrapper clearfix'>\n<\/div><\/div><\/div><!-- close content main div --><\/div><\/div><div id='mobileprikaz' class='avia-section main_color avia-section-default avia-no-shadow avia-bg-style-scroll  container_wrap sidebar_right' style = 'background-color: #ffffff; '  ><div class='container' ><div class='template-page content  av-content-small alpha units'><div class='post-entry post-entry-type-page post-entry-11905'><div class='entry-content-wrapper clearfix'>\n<div class=\"flex_column av_one_half  flex_column_div av-zero-column-padding first  \" style='border-radius:0px; '><section class=\"av_textblock_section\"  itemscope=\"itemscope\" itemtype=\"https:\/\/schema.org\/CreativeWork\" ><div class='avia_textblock '   itemprop=\"text\" ><h1 class=\"p1\">Kristian Novak: \u201eSlu\u010daj vlastite pogibelji\u201c<\/h1>\n<h2 style=\"text-align: left;\">predstavljaju: Kruno Lokotar, Sre\u0107ko Juri\u0161i\u0107<\/h2>\n<p>Subota, 28.9. \/ 19.00 \/ Velika dvorana<\/p>\n<div style='height:50px' class='hr hr-invisible '><span class='hr-inner ' ><span class='hr-inner-style'><\/span><\/span><\/div>\n<p>\u201ePravda se ti\u010de svakoga, ili nije pravda. Ako se slu\u010daj pogibelji pravednoga ti\u010de samo njega, s njim umire i pravda sama.\u201c<\/p>\n<p>Mladi prometni policajac na\u0111en je mrtav na stra\u017enjem sjedi\u0161tu svojeg automobila. Slu\u010daj je klasificiran kao samoubojstvo u \u0161to, s obzirom na niz neobi\u010dnih okolnosti i \u010dinjenicu da nije obavljena obdukcija, sumnja njegova obitelj i dobar dio javnosti. Obitelj od njegova starijeg brata, tako\u0111er policajca, zahtjeva da sazna istinu, kazni odgovorne.<\/p>\n<p>Istodobno, ambiciozna profesorica priprema dramsku grupu srednjo\u0161kolaca za uprizorenje Antigone, pri \u010demu s njima evocira upravo tragi\u010dan doga\u0111aj kojemu svjedo\u010de u svojoj suvremenosti. I oko kojeg im se mi\u0161ljenja potpuno razilaze. Dok poku\u0161ava dokazati istinu i tako obraniti svoje dostojanstvo i radno mjesto od uvrije\u0111enih roditelja srednjo\u0161kolaca, pripadnika lokalne elite, gubi stup po stup svojeg dotad sretnog gra\u0111anskog \u017eivota, ali pronalazi odva\u017enost koje nije bila svjesna. Smrt mladog policajca, kao jeka fatalnog pucnja, stubokom mijenja \u017eivote onih koji su ostali.<\/p>\n<p>Roman Slu\u010daj vlastite pogibelji Kristiana Novaka ispripovijedan je kao pletenica, od poglavlja u kojima se naizmjence smjenjuju glas profesorice i scenarij koji prati doga\u0111aje i akcije koje se roje oko bra\u0107e policajaca, i vodi nas kroz slojeve sistema u srce dru\u0161tva i likova. Pitanja korupcije, lojalnosti, pojedinca nasuprot sistema, zakona i morala, ljubavi i slobode\u2026 iskrsavaju antiknom snagom u nuklearnom dobu, na\u0161em dobu, svuda oko nas i pozivaju na gra\u0111ansku hrabrost i rizik. (Kruno Lokotar)<\/p>\n<p>Naklada: <a href=\"https:\/\/www.oceanmore.hr\/hr\/knjige\/proza\/kristian-novak-slucaj-vlastite-pogibelji-3-izdanje\" target=\"_blank\" rel=\"noopener\"><strong>OceanMore<\/strong><\/a><\/p>\n<\/div><\/section><\/div><div class=\"flex_column av_one_half  flex_column_div av-zero-column-padding   \" style='border-radius:0px; '><div class='avia-image-container  av-styling- av-hover-grow  avia-align-center '  itemscope=\"itemscope\" itemtype=\"https:\/\/schema.org\/ImageObject\"  ><div class='avia-image-container-inner'><img class='avia_image ' src='https:\/\/mfk.hr\/2024\/wp-content\/uploads\/2024\/09\/slucaj-vlastite-pogibelji-mfk-1.jpg' alt='' title=''   itemprop=\"thumbnailUrl\"  \/><\/div><\/div><\/div>\n<\/div><\/div><\/div><!-- close content main div --><\/div><\/div><div id='after_section_2' class='main_color av_default_container_wrap container_wrap sidebar_right'   ><div class='container' ><div class='template-page content  av-content-small alpha units'><div class='post-entry post-entry-type-page post-entry-11905'><div class='entry-content-wrapper clearfix'>\n<\/div><\/div><\/div><!-- close content main div --><\/div><\/div><div id='boxtransparent4' class='avia-section main_color avia-section-no-padding avia-no-border-styling avia-bg-style-scroll  av-minimum-height av-minimum-height-custom container_wrap sidebar_right'   ><div class='container' style='height:50px'><div class='template-page content  av-content-small alpha units'><div class='post-entry post-entry-type-page post-entry-11905'><div class='entry-content-wrapper clearfix'>\n<section class=\"av_textblock_section\"  itemscope=\"itemscope\" itemtype=\"https:\/\/schema.org\/CreativeWork\" ><div class='avia_textblock '   itemprop=\"text\" ><p>AUTOR FOTOGRAFIJE: STIPE SURA\u0106<\/p>\n<\/div><\/section>\n<\/div><\/div><\/div><!-- close content main div --><\/div><\/div><div id='after_section_3' class='main_color av_default_container_wrap container_wrap sidebar_right'   ><div class='container' ><div class='template-page content  av-content-small alpha units'><div class='post-entry post-entry-type-page post-entry-11905'><div class='entry-content-wrapper clearfix'>\n","protected":false},"excerpt":{"rendered":"","protected":false},"author":4,"featured_media":0,"parent":0,"menu_order":0,"comment_status":"closed","ping_status":"closed","template":"","meta":{"footnotes":""},"class_list":["post-11905","page","type-page","status-publish","hentry"],"yoast_head":"<!-- This site is optimized with the Yoast SEO plugin v25.7 - https:\/\/yoast.com\/wordpress\/plugins\/seo\/ -->\n<title>PROMOCIJA: Slu\u010daj vlastite pogibelji - MFK<\/title>\n<meta name=\"robots\" content=\"noindex, follow, max-snippet:-1, max-image-preview:large, max-video-preview:-1\" \/>\n<meta property=\"og:locale\" content=\"hr_HR\" \/>\n<meta property=\"og:type\" content=\"article\" \/>\n<meta property=\"og:title\" content=\"PROMOCIJA: Slu\u010daj vlastite pogibelji - MFK\" \/>\n<meta property=\"og:url\" content=\"https:\/\/mfk.hr\/2024\/slucaj-vlastite-pogibelji\/\" \/>\n<meta property=\"og:site_name\" content=\"MFK\" \/>\n<meta property=\"article:modified_time\" content=\"2024-09-26T09:35:48+00:00\" \/>\n<meta name=\"twitter:card\" content=\"summary_large_image\" \/>\n<meta name=\"twitter:label1\" content=\"Procijenjeno vrijeme \u010ditanja\" \/>\n\t<meta name=\"twitter:data1\" content=\"3 minute\" \/>\n<script type=\"application\/ld+json\" class=\"yoast-schema-graph\">{\"@context\":\"https:\/\/schema.org\",\"@graph\":[{\"@type\":\"WebPage\",\"@id\":\"https:\/\/mfk.hr\/2024\/slucaj-vlastite-pogibelji\/\",\"url\":\"https:\/\/mfk.hr\/2024\/slucaj-vlastite-pogibelji\/\",\"name\":\"PROMOCIJA: Slu\u010daj vlastite pogibelji - MFK\",\"isPartOf\":{\"@id\":\"https:\/\/mfk.hr\/2024\/#website\"},\"datePublished\":\"2024-09-22T21:56:40+00:00\",\"dateModified\":\"2024-09-26T09:35:48+00:00\",\"breadcrumb\":{\"@id\":\"https:\/\/mfk.hr\/2024\/slucaj-vlastite-pogibelji\/#breadcrumb\"},\"inLanguage\":\"hr\",\"potentialAction\":[{\"@type\":\"ReadAction\",\"target\":[\"https:\/\/mfk.hr\/2024\/slucaj-vlastite-pogibelji\/\"]}]},{\"@type\":\"BreadcrumbList\",\"@id\":\"https:\/\/mfk.hr\/2024\/slucaj-vlastite-pogibelji\/#breadcrumb\",\"itemListElement\":[{\"@type\":\"ListItem\",\"position\":1,\"name\":\"Po\u010detna stranica\",\"item\":\"https:\/\/mfk.hr\/2024\/\"},{\"@type\":\"ListItem\",\"position\":2,\"name\":\"PROMOCIJA: Slu\u010daj vlastite pogibelji\"}]},{\"@type\":\"WebSite\",\"@id\":\"https:\/\/mfk.hr\/2024\/#website\",\"url\":\"https:\/\/mfk.hr\/2024\/\",\"name\":\"MFK\",\"description\":\"mediteranski festival knjige\",\"potentialAction\":[{\"@type\":\"SearchAction\",\"target\":{\"@type\":\"EntryPoint\",\"urlTemplate\":\"https:\/\/mfk.hr\/2024\/?s={search_term_string}\"},\"query-input\":{\"@type\":\"PropertyValueSpecification\",\"valueRequired\":true,\"valueName\":\"search_term_string\"}}],\"inLanguage\":\"hr\"}]}<\/script>\n<!-- \/ Yoast SEO plugin. -->","yoast_head_json":{"title":"PROMOCIJA: Slu\u010daj vlastite pogibelji - MFK","robots":{"index":"noindex","follow":"follow","max-snippet":"max-snippet:-1","max-image-preview":"max-image-preview:large","max-video-preview":"max-video-preview:-1"},"og_locale":"hr_HR","og_type":"article","og_title":"PROMOCIJA: Slu\u010daj vlastite pogibelji - MFK","og_url":"https:\/\/mfk.hr\/2024\/slucaj-vlastite-pogibelji\/","og_site_name":"MFK","article_modified_time":"2024-09-26T09:35:48+00:00","twitter_card":"summary_large_image","twitter_misc":{"Procijenjeno vrijeme \u010ditanja":"3 minute"},"schema":{"@context":"https:\/\/schema.org","@graph":[{"@type":"WebPage","@id":"https:\/\/mfk.hr\/2024\/slucaj-vlastite-pogibelji\/","url":"https:\/\/mfk.hr\/2024\/slucaj-vlastite-pogibelji\/","name":"PROMOCIJA: Slu\u010daj vlastite pogibelji - MFK","isPartOf":{"@id":"https:\/\/mfk.hr\/2024\/#website"},"datePublished":"2024-09-22T21:56:40+00:00","dateModified":"2024-09-26T09:35:48+00:00","breadcrumb":{"@id":"https:\/\/mfk.hr\/2024\/slucaj-vlastite-pogibelji\/#breadcrumb"},"inLanguage":"hr","potentialAction":[{"@type":"ReadAction","target":["https:\/\/mfk.hr\/2024\/slucaj-vlastite-pogibelji\/"]}]},{"@type":"BreadcrumbList","@id":"https:\/\/mfk.hr\/2024\/slucaj-vlastite-pogibelji\/#breadcrumb","itemListElement":[{"@type":"ListItem","position":1,"name":"Po\u010detna stranica","item":"https:\/\/mfk.hr\/2024\/"},{"@type":"ListItem","position":2,"name":"PROMOCIJA: Slu\u010daj vlastite pogibelji"}]},{"@type":"WebSite","@id":"https:\/\/mfk.hr\/2024\/#website","url":"https:\/\/mfk.hr\/2024\/","name":"MFK","description":"mediteranski festival knjige","potentialAction":[{"@type":"SearchAction","target":{"@type":"EntryPoint","urlTemplate":"https:\/\/mfk.hr\/2024\/?s={search_term_string}"},"query-input":{"@type":"PropertyValueSpecification","valueRequired":true,"valueName":"search_term_string"}}],"inLanguage":"hr"}]}},"_links":{"self":[{"href":"https:\/\/mfk.hr\/2024\/wp-json\/wp\/v2\/pages\/11905","targetHints":{"allow":["GET"]}}],"collection":[{"href":"https:\/\/mfk.hr\/2024\/wp-json\/wp\/v2\/pages"}],"about":[{"href":"https:\/\/mfk.hr\/2024\/wp-json\/wp\/v2\/types\/page"}],"author":[{"embeddable":true,"href":"https:\/\/mfk.hr\/2024\/wp-json\/wp\/v2\/users\/4"}],"replies":[{"embeddable":true,"href":"https:\/\/mfk.hr\/2024\/wp-json\/wp\/v2\/comments?post=11905"}],"version-history":[{"count":3,"href":"https:\/\/mfk.hr\/2024\/wp-json\/wp\/v2\/pages\/11905\/revisions"}],"predecessor-version":[{"id":12191,"href":"https:\/\/mfk.hr\/2024\/wp-json\/wp\/v2\/pages\/11905\/revisions\/12191"}],"wp:attachment":[{"href":"https:\/\/mfk.hr\/2024\/wp-json\/wp\/v2\/media?parent=11905"}],"curies":[{"name":"wp","href":"https:\/\/api.w.org\/{rel}","templated":true}]}}