{"id":11611,"date":"2024-09-18T14:34:52","date_gmt":"2024-09-18T14:34:52","guid":{"rendered":"https:\/\/mfk.hr\/2024\/?page_id=11611"},"modified":"2024-09-18T14:34:52","modified_gmt":"2024-09-18T14:34:52","slug":"marul-i-judita-prica-glasovita","status":"publish","type":"page","link":"https:\/\/mfk.hr\/2024\/marul-i-judita-prica-glasovita\/","title":{"rendered":"RADIONICA: Marul i Judita: Pri\u010da glasovita"},"content":{"rendered":"<\/div><\/div><\/div><!-- close content main div --><\/div><\/div><div id='naslov_bijeli' class='avia-section main_color avia-section-default avia-no-shadow avia-bg-style-scroll  container_wrap sidebar_right'   ><div class='container' ><div class='template-page content  av-content-small alpha units'><div class='post-entry post-entry-type-page post-entry-11611'><div class='entry-content-wrapper clearfix'>\n<div style='padding-bottom:0px;' class='av-special-heading av-special-heading-h1  blockquote modern-quote modern-centered '><h1 class='av-special-heading-tag'  itemprop=\"headline\"  >Marul i Judita: Pri\u010da glasovita<\/h1><div class='special-heading-border'><div class='special-heading-inner-border' ><\/div><\/div><\/div>\n<\/div><\/div><\/div><!-- close content main div --><\/div><\/div><div id='after_section_1' class='main_color av_default_container_wrap container_wrap sidebar_right'   ><div class='container' ><div class='template-page content  av-content-small alpha units'><div class='post-entry post-entry-type-page post-entry-11611'><div class='entry-content-wrapper clearfix'><\/div><\/div><\/div><!-- close content main div --><\/div><\/div><div id='av_section_2' class='avia-section main_color avia-section-default avia-no-shadow avia-bg-style-scroll  container_wrap sidebar_right' style = 'background-color: #ffffff; '  ><div class='container' ><div class='template-page content  av-content-small alpha units'><div class='post-entry post-entry-type-page post-entry-11611'><div class='entry-content-wrapper clearfix'>\n<section class=\"av_textblock_section\"  itemscope=\"itemscope\" itemtype=\"https:\/\/schema.org\/CreativeWork\" ><div class='avia_textblock '   itemprop=\"text\" ><h2>EDUKATIVNA RADIONICA<\/h2>\n<p><strong>vodi:<\/strong> diplomirana knji\u017eni\u010darka Nata\u0161a Prki\u0107, <a href=\"https:\/\/gkmm.hr\/\" target=\"_blank\" rel=\"noopener\">Gradska knji\u017enica Marka Maruli\u0107a<\/a><br \/>\n<strong>trajanje:<\/strong> 60 minuta<br \/>\n<strong>uzrast:<\/strong> 10+ godina<strong><br \/>\ntermin:<\/strong> petak, 27.9., od 16.00 do 17.00 sati<br \/>\nonline <a href=\"https:\/\/form.jotform.com\/242612969095365\" target=\"_blank\" rel=\"noopener\"><strong>prijava<\/strong><\/a><\/p>\n<hr \/>\n<p>Radionica prema slikovnici &#8220;Marul i Judita: Pri\u010da glasovita&#8221; autorice teksta Andrijane Grgi\u010devi\u0107 i ilustracija Marina Bau\u010di\u0107a na prikladan i zabavan na\u010din pribli\u017eava djeci veli\u010dinu i utjecaj Marka Maruli\u0107a, a objavljena je povodom obilje\u017eavanja 500. obljetnice &#8220;Judite&#8221;. Autorica teksta Marula je prikazala kao junaka \u2013 onoga koji se bori perom, i koji udara temelje knji\u017eevnosti na hrvatskom jeziku.<\/p>\n<\/div><\/section>\n<div style='height:50px' class='hr hr-invisible '><span class='hr-inner ' ><span class='hr-inner-style'><\/span><\/span><\/div>\n<div class='avia-gallery avia-gallery-1 deactivate_avia_lazyload avia_animate_when_visible '  itemscope=\"itemscope\" itemtype=\"https:\/\/schema.org\/ImageObject\" ><div class='avia-gallery-thumb'> <a href='https:\/\/mfk.hr\/2024\/wp-content\/uploads\/2024\/09\/marul-i-judita-prica-glasovita-gkmm-mfk.jpg' data-rel='gallery-1' data-prev-img='https:\/\/mfk.hr\/2024\/wp-content\/uploads\/2024\/09\/marul-i-judita-prica-glasovita-gkmm-mfk-495x400.jpg' class='first_thumb avianolink noLightbox ' data-onclick='1' title=''  itemprop=\"thumbnailUrl\" ><img  src='https:\/\/mfk.hr\/2024\/wp-content\/uploads\/2024\/09\/marul-i-judita-prica-glasovita-gkmm-mfk.jpg' width='1030' height='580'  title='marul-i-judita-prica-glasovita-gkmm-mfk' alt='' \/><\/a> <a href='https:\/\/mfk.hr\/2024\/wp-content\/uploads\/2024\/09\/marul_i_judita_prica-glasovita-gkmm-mfk-1.jpg' data-rel='gallery-1' data-prev-img='https:\/\/mfk.hr\/2024\/wp-content\/uploads\/2024\/09\/marul_i_judita_prica-glasovita-gkmm-mfk-1-495x400.jpg' class='avianolink noLightbox ' data-onclick='2' title=''  itemprop=\"thumbnailUrl\" ><img  src='https:\/\/mfk.hr\/2024\/wp-content\/uploads\/2024\/09\/marul_i_judita_prica-glasovita-gkmm-mfk-1.jpg' width='1030' height='580'  title='marul_i_judita_prica-glasovita-gkmm-mfk-1' alt='' \/><\/a><\/div><\/div>\n<\/div><\/div><\/div><!-- close content main div --><\/div><\/div><div id='after_section_2' class='main_color av_default_container_wrap container_wrap sidebar_right'   ><div class='container' ><div class='template-page content  av-content-small alpha units'><div class='post-entry post-entry-type-page post-entry-11611'><div class='entry-content-wrapper clearfix'><\/div><\/div><\/div><!-- close content main div --><\/div><\/div><div id='boxtransparent4' class='avia-section main_color avia-section-no-padding avia-no-border-styling avia-bg-style-scroll  av-minimum-height av-minimum-height-custom container_wrap sidebar_right'   ><div class='container' style='height:50px'><div class='template-page content  av-content-small alpha units'><div class='post-entry post-entry-type-page post-entry-11611'><div class='entry-content-wrapper clearfix'>\n<section class=\"av_textblock_section\"  itemscope=\"itemscope\" itemtype=\"https:\/\/schema.org\/CreativeWork\" ><div class='avia_textblock '   itemprop=\"text\" ><p>AUTOR FOTOGRAFIJE: STIPE SURA\u0106<\/p>\n<\/div><\/section>\n<\/div><\/div><\/div><!-- close content main div --><\/div><\/div><div id='after_section_3' class='main_color av_default_container_wrap container_wrap sidebar_right'   ><div class='container' ><div class='template-page content  av-content-small alpha units'><div class='post-entry post-entry-type-page post-entry-11611'><div class='entry-content-wrapper clearfix'><\/p>\n","protected":false},"excerpt":{"rendered":"","protected":false},"author":4,"featured_media":0,"parent":0,"menu_order":0,"comment_status":"closed","ping_status":"closed","template":"","meta":{"footnotes":""},"class_list":["post-11611","page","type-page","status-publish","hentry"],"yoast_head":"<!-- This site is optimized with the Yoast SEO plugin v25.7 - https:\/\/yoast.com\/wordpress\/plugins\/seo\/ -->\n<title>RADIONICA: Marul i Judita: Pri\u010da glasovita - MFK<\/title>\n<meta name=\"robots\" content=\"noindex, follow, max-snippet:-1, max-image-preview:large, max-video-preview:-1\" \/>\n<meta property=\"og:locale\" content=\"hr_HR\" \/>\n<meta property=\"og:type\" content=\"article\" \/>\n<meta property=\"og:title\" content=\"RADIONICA: Marul i Judita: Pri\u010da glasovita - MFK\" \/>\n<meta property=\"og:url\" content=\"https:\/\/mfk.hr\/2024\/marul-i-judita-prica-glasovita\/\" \/>\n<meta property=\"og:site_name\" content=\"MFK\" \/>\n<meta name=\"twitter:card\" content=\"summary_large_image\" \/>\n<meta name=\"twitter:label1\" content=\"Procijenjeno vrijeme \u010ditanja\" \/>\n\t<meta name=\"twitter:data1\" content=\"2 minute\" \/>\n<script type=\"application\/ld+json\" class=\"yoast-schema-graph\">{\"@context\":\"https:\/\/schema.org\",\"@graph\":[{\"@type\":\"WebPage\",\"@id\":\"https:\/\/mfk.hr\/2024\/marul-i-judita-prica-glasovita\/\",\"url\":\"https:\/\/mfk.hr\/2024\/marul-i-judita-prica-glasovita\/\",\"name\":\"RADIONICA: Marul i Judita: Pri\u010da glasovita - MFK\",\"isPartOf\":{\"@id\":\"https:\/\/mfk.hr\/2024\/#website\"},\"datePublished\":\"2024-09-18T14:34:52+00:00\",\"breadcrumb\":{\"@id\":\"https:\/\/mfk.hr\/2024\/marul-i-judita-prica-glasovita\/#breadcrumb\"},\"inLanguage\":\"hr\",\"potentialAction\":[{\"@type\":\"ReadAction\",\"target\":[\"https:\/\/mfk.hr\/2024\/marul-i-judita-prica-glasovita\/\"]}]},{\"@type\":\"BreadcrumbList\",\"@id\":\"https:\/\/mfk.hr\/2024\/marul-i-judita-prica-glasovita\/#breadcrumb\",\"itemListElement\":[{\"@type\":\"ListItem\",\"position\":1,\"name\":\"Po\u010detna stranica\",\"item\":\"https:\/\/mfk.hr\/2024\/\"},{\"@type\":\"ListItem\",\"position\":2,\"name\":\"RADIONICA: Marul i Judita: Pri\u010da glasovita\"}]},{\"@type\":\"WebSite\",\"@id\":\"https:\/\/mfk.hr\/2024\/#website\",\"url\":\"https:\/\/mfk.hr\/2024\/\",\"name\":\"MFK\",\"description\":\"mediteranski festival knjige\",\"potentialAction\":[{\"@type\":\"SearchAction\",\"target\":{\"@type\":\"EntryPoint\",\"urlTemplate\":\"https:\/\/mfk.hr\/2024\/?s={search_term_string}\"},\"query-input\":{\"@type\":\"PropertyValueSpecification\",\"valueRequired\":true,\"valueName\":\"search_term_string\"}}],\"inLanguage\":\"hr\"}]}<\/script>\n<!-- \/ Yoast SEO plugin. -->","yoast_head_json":{"title":"RADIONICA: Marul i Judita: Pri\u010da glasovita - MFK","robots":{"index":"noindex","follow":"follow","max-snippet":"max-snippet:-1","max-image-preview":"max-image-preview:large","max-video-preview":"max-video-preview:-1"},"og_locale":"hr_HR","og_type":"article","og_title":"RADIONICA: Marul i Judita: Pri\u010da glasovita - MFK","og_url":"https:\/\/mfk.hr\/2024\/marul-i-judita-prica-glasovita\/","og_site_name":"MFK","twitter_card":"summary_large_image","twitter_misc":{"Procijenjeno vrijeme \u010ditanja":"2 minute"},"schema":{"@context":"https:\/\/schema.org","@graph":[{"@type":"WebPage","@id":"https:\/\/mfk.hr\/2024\/marul-i-judita-prica-glasovita\/","url":"https:\/\/mfk.hr\/2024\/marul-i-judita-prica-glasovita\/","name":"RADIONICA: Marul i Judita: Pri\u010da glasovita - MFK","isPartOf":{"@id":"https:\/\/mfk.hr\/2024\/#website"},"datePublished":"2024-09-18T14:34:52+00:00","breadcrumb":{"@id":"https:\/\/mfk.hr\/2024\/marul-i-judita-prica-glasovita\/#breadcrumb"},"inLanguage":"hr","potentialAction":[{"@type":"ReadAction","target":["https:\/\/mfk.hr\/2024\/marul-i-judita-prica-glasovita\/"]}]},{"@type":"BreadcrumbList","@id":"https:\/\/mfk.hr\/2024\/marul-i-judita-prica-glasovita\/#breadcrumb","itemListElement":[{"@type":"ListItem","position":1,"name":"Po\u010detna stranica","item":"https:\/\/mfk.hr\/2024\/"},{"@type":"ListItem","position":2,"name":"RADIONICA: Marul i Judita: Pri\u010da glasovita"}]},{"@type":"WebSite","@id":"https:\/\/mfk.hr\/2024\/#website","url":"https:\/\/mfk.hr\/2024\/","name":"MFK","description":"mediteranski festival knjige","potentialAction":[{"@type":"SearchAction","target":{"@type":"EntryPoint","urlTemplate":"https:\/\/mfk.hr\/2024\/?s={search_term_string}"},"query-input":{"@type":"PropertyValueSpecification","valueRequired":true,"valueName":"search_term_string"}}],"inLanguage":"hr"}]}},"_links":{"self":[{"href":"https:\/\/mfk.hr\/2024\/wp-json\/wp\/v2\/pages\/11611","targetHints":{"allow":["GET"]}}],"collection":[{"href":"https:\/\/mfk.hr\/2024\/wp-json\/wp\/v2\/pages"}],"about":[{"href":"https:\/\/mfk.hr\/2024\/wp-json\/wp\/v2\/types\/page"}],"author":[{"embeddable":true,"href":"https:\/\/mfk.hr\/2024\/wp-json\/wp\/v2\/users\/4"}],"replies":[{"embeddable":true,"href":"https:\/\/mfk.hr\/2024\/wp-json\/wp\/v2\/comments?post=11611"}],"version-history":[{"count":3,"href":"https:\/\/mfk.hr\/2024\/wp-json\/wp\/v2\/pages\/11611\/revisions"}],"predecessor-version":[{"id":11622,"href":"https:\/\/mfk.hr\/2024\/wp-json\/wp\/v2\/pages\/11611\/revisions\/11622"}],"wp:attachment":[{"href":"https:\/\/mfk.hr\/2024\/wp-json\/wp\/v2\/media?parent=11611"}],"curies":[{"name":"wp","href":"https:\/\/api.w.org\/{rel}","templated":true}]}}