{"id":11364,"date":"2024-09-15T23:04:51","date_gmt":"2024-09-15T23:04:51","guid":{"rendered":"https:\/\/mfk.hr\/2024\/?page_id=11364"},"modified":"2024-09-16T19:30:26","modified_gmt":"2024-09-16T19:30:26","slug":"slatko-novinarstvo","status":"publish","type":"page","link":"https:\/\/mfk.hr\/2024\/slatko-novinarstvo\/","title":{"rendered":"RADIONICA: Slatko novinarstvo"},"content":{"rendered":"<\/div><\/div><\/div><!-- close content main div --><\/div><\/div><div id='naslov_bijeli' class='avia-section main_color avia-section-default avia-no-shadow avia-bg-style-scroll  container_wrap sidebar_right'   ><div class='container' ><div class='template-page content  av-content-small alpha units'><div class='post-entry post-entry-type-page post-entry-11364'><div class='entry-content-wrapper clearfix'>\n<div style='padding-bottom:0px;' class='av-special-heading av-special-heading-h1  blockquote modern-quote modern-centered '><h1 class='av-special-heading-tag'  itemprop=\"headline\"  >Slatko novinarstvo<\/h1><div class='special-heading-border'><div class='special-heading-inner-border' ><\/div><\/div><\/div>\n<\/div><\/div><\/div><!-- close content main div --><\/div><\/div><div id='after_section_1' class='main_color av_default_container_wrap container_wrap sidebar_right'   ><div class='container' ><div class='template-page content  av-content-small alpha units'><div class='post-entry post-entry-type-page post-entry-11364'><div class='entry-content-wrapper clearfix'>\n<\/div><\/div><\/div><!-- close content main div --><\/div><\/div><div id='av_section_2' class='avia-section main_color avia-section-default avia-no-shadow avia-bg-style-scroll  container_wrap sidebar_right' style = 'background-color: #ffffff; '  ><div class='container' ><div class='template-page content  av-content-small alpha units'><div class='post-entry post-entry-type-page post-entry-11364'><div class='entry-content-wrapper clearfix'>\n<section class=\"av_textblock_section\"  itemscope=\"itemscope\" itemtype=\"https:\/\/schema.org\/CreativeWork\" ><div class='avia_textblock '   itemprop=\"text\" ><h2>NOVINARSKA RADIONICA<\/h2>\n<p><strong>vodi:<\/strong> Kate Bo\u0161kovi\u0107<strong><br \/>\ntrajanje:<\/strong> 60 minuta<br \/>\n<strong>uzrast: <\/strong>9 do 14 godina<strong><br \/>\ntermin: <\/strong>petak, 27.9, od 16.00 do 17.00 sati<br \/>\nonline <a href=\"https:\/\/form.jotform.com\/242594696265370\" target=\"_blank\" rel=\"noopener\"><strong>prijava<\/strong><\/a><\/p>\n<hr \/>\n<p>Na radionici \u201eSlatko novinarstvo\u201c djeca \u0107e nau\u010diti osnove novinarstva i to na primjeru vijesti iz slatke industrije. Kroz radionicu \u0107e ih voditi\u00a0<span class=\"il\">Kate<\/span>\u00a0Bo\u0161kovi\u0107, urednica najstarijeg hrvatskog novinarskog portala specijaliziranog za slastice i slasti\u010darstvo te \u0107e im objasniti \u0161to je vijest, koji su kriteriji izbora vijesti te kako se pi\u0161e vijest.<\/p>\n<p>Na kraju \u0107e im dati izvje\u0161taj po kojem \u0107e oni morati napisati vijest, a zatim \u0107e zajedno prokomentirati\u00a0napisano.<\/p>\n<p><strong>O voditeljici radionice:<\/strong><\/p>\n<p><strong>Kate Bo\u0161kovi\u0107<\/strong>,\u00a0diplomirana novinarka i urednica najstarijeg hrvatskog novinarskog portala specijaliziranog za slastice i slasti\u010darstvo <a href=\"https:\/\/www.slatkopedija.hr\/\" target=\"_blank\" rel=\"noopener\">Slatkopedija,<\/a> ve\u0107 sedam godina svakodnevno osigurava medijski prostor svim dionicima najsla\u0111e industrije.<\/p>\n<div dir=\"auto\">Uz to, autorica je \u0161est slikovnica te koautorica edukativne Slatke slovarice i istoimenog memoryja.<\/div>\n<div dir=\"auto\">Aktivno odr\u017eava radionice s djecom u brojnim knji\u017enicama, \u0161kolama i na festivalima. Za svoj spisateljski rad primila je priznanje kao finalistica nagrade dje\u010djeg \u017eirija 2022. \u201eOvca u kutiji\u201c za slikovnicu \u201eSlatka \u0161umska pri\u010da\u201c.<\/div>\n<div dir=\"auto\"><\/div>\n<div dir=\"auto\"><\/div>\n<div dir=\"auto\">Pokreta\u010dica je inicijative Splitski kantun u sklopu koje okuplja splitske nakladnike, autore, prevoditelje i urednike i organizira njihovo sudjelovanje na raznim knji\u017eevnim sajmovima.<\/div>\n<div dir=\"auto\">Urednica je i lektorica vi\u0161e znanstvenih i stru\u010dnih knjiga i publikacija.<\/div>\n<p><strong>\u00a0<\/strong><\/p>\n<\/div><\/section>\n<div class='avia-gallery avia-gallery-1 deactivate_avia_lazyload avia_animate_when_visible '  itemscope=\"itemscope\" itemtype=\"https:\/\/schema.org\/ImageObject\" ><div class='avia-gallery-thumb'> <a href='https:\/\/mfk.hr\/2024\/wp-content\/uploads\/2024\/09\/slatko-novinarstvo-radionica-mfk.jpg' data-rel='gallery-1' data-prev-img='https:\/\/mfk.hr\/2024\/wp-content\/uploads\/2024\/09\/slatko-novinarstvo-radionica-mfk-495x400.jpg' class='first_thumb avianolink noLightbox ' data-onclick='1' title=''  itemprop=\"thumbnailUrl\" ><img  src='https:\/\/mfk.hr\/2024\/wp-content\/uploads\/2024\/09\/slatko-novinarstvo-radionica-mfk-845x684.jpg' width='845' height='684'  title='slatko-novinarstvo-radionica-mfk' alt='' \/><\/a> <a href='https:\/\/mfk.hr\/2024\/wp-content\/uploads\/2024\/09\/kate_boskovic_mfk_2-1030x773.jpg' data-rel='gallery-1' data-prev-img='https:\/\/mfk.hr\/2024\/wp-content\/uploads\/2024\/09\/kate_boskovic_mfk_2-495x400.jpg' class='avianolink noLightbox ' data-onclick='2' title=''  itemprop=\"thumbnailUrl\" ><img  src='https:\/\/mfk.hr\/2024\/wp-content\/uploads\/2024\/09\/kate_boskovic_mfk_2-845x684.jpg' width='845' height='684'  title='kate_boskovic_mfk_2' alt='' \/><\/a><\/div><\/div>\n<\/div><\/div><\/div><!-- close content main div --><\/div><\/div><div id='after_section_2' class='main_color av_default_container_wrap container_wrap sidebar_right'   ><div class='container' ><div class='template-page content  av-content-small alpha units'><div class='post-entry post-entry-type-page post-entry-11364'><div class='entry-content-wrapper clearfix'><\/div><\/div><\/div><!-- close content main div --><\/div><\/div><div id='boxtransparent4' class='avia-section main_color avia-section-no-padding avia-no-border-styling avia-bg-style-scroll  av-minimum-height av-minimum-height-custom container_wrap sidebar_right'   ><div class='container' style='height:50px'><div class='template-page content  av-content-small alpha units'><div class='post-entry post-entry-type-page post-entry-11364'><div class='entry-content-wrapper clearfix'>\n<section class=\"av_textblock_section\"  itemscope=\"itemscope\" itemtype=\"https:\/\/schema.org\/CreativeWork\" ><div class='avia_textblock '   itemprop=\"text\" ><p>AUTOR FOTOGRAFIJE: STIPE SURA\u0106<\/p>\n<\/div><\/section>\n<\/div><\/div><\/div><!-- close content main div --><\/div><\/div><div id='after_section_3' class='main_color av_default_container_wrap container_wrap sidebar_right'   ><div class='container' ><div class='template-page content  av-content-small alpha units'><div class='post-entry post-entry-type-page post-entry-11364'><div class='entry-content-wrapper clearfix'><\/p>\n","protected":false},"excerpt":{"rendered":"","protected":false},"author":4,"featured_media":0,"parent":0,"menu_order":0,"comment_status":"closed","ping_status":"closed","template":"","meta":{"footnotes":""},"class_list":["post-11364","page","type-page","status-publish","hentry"],"yoast_head":"<!-- This site is optimized with the Yoast SEO plugin v25.7 - https:\/\/yoast.com\/wordpress\/plugins\/seo\/ -->\n<title>RADIONICA: Slatko novinarstvo - MFK<\/title>\n<meta name=\"robots\" content=\"noindex, follow, max-snippet:-1, max-image-preview:large, max-video-preview:-1\" \/>\n<meta property=\"og:locale\" content=\"hr_HR\" \/>\n<meta property=\"og:type\" content=\"article\" \/>\n<meta property=\"og:title\" content=\"RADIONICA: Slatko novinarstvo - MFK\" \/>\n<meta property=\"og:url\" content=\"https:\/\/mfk.hr\/2024\/slatko-novinarstvo\/\" \/>\n<meta property=\"og:site_name\" content=\"MFK\" \/>\n<meta property=\"article:modified_time\" content=\"2024-09-16T19:30:26+00:00\" \/>\n<meta name=\"twitter:card\" content=\"summary_large_image\" \/>\n<meta name=\"twitter:label1\" content=\"Procijenjeno vrijeme \u010ditanja\" \/>\n\t<meta name=\"twitter:data1\" content=\"2 minute\" \/>\n<script type=\"application\/ld+json\" class=\"yoast-schema-graph\">{\"@context\":\"https:\/\/schema.org\",\"@graph\":[{\"@type\":\"WebPage\",\"@id\":\"https:\/\/mfk.hr\/2024\/slatko-novinarstvo\/\",\"url\":\"https:\/\/mfk.hr\/2024\/slatko-novinarstvo\/\",\"name\":\"RADIONICA: Slatko novinarstvo - MFK\",\"isPartOf\":{\"@id\":\"https:\/\/mfk.hr\/2024\/#website\"},\"datePublished\":\"2024-09-15T23:04:51+00:00\",\"dateModified\":\"2024-09-16T19:30:26+00:00\",\"breadcrumb\":{\"@id\":\"https:\/\/mfk.hr\/2024\/slatko-novinarstvo\/#breadcrumb\"},\"inLanguage\":\"hr\",\"potentialAction\":[{\"@type\":\"ReadAction\",\"target\":[\"https:\/\/mfk.hr\/2024\/slatko-novinarstvo\/\"]}]},{\"@type\":\"BreadcrumbList\",\"@id\":\"https:\/\/mfk.hr\/2024\/slatko-novinarstvo\/#breadcrumb\",\"itemListElement\":[{\"@type\":\"ListItem\",\"position\":1,\"name\":\"Po\u010detna stranica\",\"item\":\"https:\/\/mfk.hr\/2024\/\"},{\"@type\":\"ListItem\",\"position\":2,\"name\":\"RADIONICA: Slatko novinarstvo\"}]},{\"@type\":\"WebSite\",\"@id\":\"https:\/\/mfk.hr\/2024\/#website\",\"url\":\"https:\/\/mfk.hr\/2024\/\",\"name\":\"MFK\",\"description\":\"mediteranski festival knjige\",\"potentialAction\":[{\"@type\":\"SearchAction\",\"target\":{\"@type\":\"EntryPoint\",\"urlTemplate\":\"https:\/\/mfk.hr\/2024\/?s={search_term_string}\"},\"query-input\":{\"@type\":\"PropertyValueSpecification\",\"valueRequired\":true,\"valueName\":\"search_term_string\"}}],\"inLanguage\":\"hr\"}]}<\/script>\n<!-- \/ Yoast SEO plugin. -->","yoast_head_json":{"title":"RADIONICA: Slatko novinarstvo - MFK","robots":{"index":"noindex","follow":"follow","max-snippet":"max-snippet:-1","max-image-preview":"max-image-preview:large","max-video-preview":"max-video-preview:-1"},"og_locale":"hr_HR","og_type":"article","og_title":"RADIONICA: Slatko novinarstvo - MFK","og_url":"https:\/\/mfk.hr\/2024\/slatko-novinarstvo\/","og_site_name":"MFK","article_modified_time":"2024-09-16T19:30:26+00:00","twitter_card":"summary_large_image","twitter_misc":{"Procijenjeno vrijeme \u010ditanja":"2 minute"},"schema":{"@context":"https:\/\/schema.org","@graph":[{"@type":"WebPage","@id":"https:\/\/mfk.hr\/2024\/slatko-novinarstvo\/","url":"https:\/\/mfk.hr\/2024\/slatko-novinarstvo\/","name":"RADIONICA: Slatko novinarstvo - MFK","isPartOf":{"@id":"https:\/\/mfk.hr\/2024\/#website"},"datePublished":"2024-09-15T23:04:51+00:00","dateModified":"2024-09-16T19:30:26+00:00","breadcrumb":{"@id":"https:\/\/mfk.hr\/2024\/slatko-novinarstvo\/#breadcrumb"},"inLanguage":"hr","potentialAction":[{"@type":"ReadAction","target":["https:\/\/mfk.hr\/2024\/slatko-novinarstvo\/"]}]},{"@type":"BreadcrumbList","@id":"https:\/\/mfk.hr\/2024\/slatko-novinarstvo\/#breadcrumb","itemListElement":[{"@type":"ListItem","position":1,"name":"Po\u010detna stranica","item":"https:\/\/mfk.hr\/2024\/"},{"@type":"ListItem","position":2,"name":"RADIONICA: Slatko novinarstvo"}]},{"@type":"WebSite","@id":"https:\/\/mfk.hr\/2024\/#website","url":"https:\/\/mfk.hr\/2024\/","name":"MFK","description":"mediteranski festival knjige","potentialAction":[{"@type":"SearchAction","target":{"@type":"EntryPoint","urlTemplate":"https:\/\/mfk.hr\/2024\/?s={search_term_string}"},"query-input":{"@type":"PropertyValueSpecification","valueRequired":true,"valueName":"search_term_string"}}],"inLanguage":"hr"}]}},"_links":{"self":[{"href":"https:\/\/mfk.hr\/2024\/wp-json\/wp\/v2\/pages\/11364","targetHints":{"allow":["GET"]}}],"collection":[{"href":"https:\/\/mfk.hr\/2024\/wp-json\/wp\/v2\/pages"}],"about":[{"href":"https:\/\/mfk.hr\/2024\/wp-json\/wp\/v2\/types\/page"}],"author":[{"embeddable":true,"href":"https:\/\/mfk.hr\/2024\/wp-json\/wp\/v2\/users\/4"}],"replies":[{"embeddable":true,"href":"https:\/\/mfk.hr\/2024\/wp-json\/wp\/v2\/comments?post=11364"}],"version-history":[{"count":9,"href":"https:\/\/mfk.hr\/2024\/wp-json\/wp\/v2\/pages\/11364\/revisions"}],"predecessor-version":[{"id":11483,"href":"https:\/\/mfk.hr\/2024\/wp-json\/wp\/v2\/pages\/11364\/revisions\/11483"}],"wp:attachment":[{"href":"https:\/\/mfk.hr\/2024\/wp-json\/wp\/v2\/media?parent=11364"}],"curies":[{"name":"wp","href":"https:\/\/api.w.org\/{rel}","templated":true}]}}