{"id":9414,"date":"2022-09-23T18:39:29","date_gmt":"2022-09-23T18:39:29","guid":{"rendered":"https:\/\/mfk.hr\/2023\/?page_id=9414"},"modified":"2022-09-23T19:46:56","modified_gmt":"2022-09-23T19:46:56","slug":"program-urednici","status":"publish","type":"page","link":"https:\/\/mfk.hr\/2023\/program-urednici\/","title":{"rendered":"Program: urednici"},"content":{"rendered":"<\/div><\/div><\/div><!-- close content main div --><\/div><\/div><div id='naslov_bijeli' class='avia-section main_color avia-section-default avia-no-shadow avia-bg-style-scroll  container_wrap sidebar_right'   ><div class='container' ><div class='template-page content  av-content-small alpha units'><div class='post-entry post-entry-type-page post-entry-9414'><div class='entry-content-wrapper clearfix'>\n<div style='padding-bottom:0px;' class='av-special-heading av-special-heading-h1  blockquote modern-quote '><h1 class='av-special-heading-tag'  itemprop=\"headline\"  >Urednici MFK festivalskog programa<\/h1><div class='special-heading-border'><div class='special-heading-inner-border' ><\/div><\/div><\/div>\n<\/div><\/div><\/div><!-- close content main div --><\/div><\/div><div id='after_section_1' class='main_color av_default_container_wrap container_wrap sidebar_right'   ><div class='container' ><div class='template-page content  av-content-small alpha units'><div class='post-entry post-entry-type-page post-entry-9414'><div class='entry-content-wrapper clearfix'>\n<\/div><\/div><\/div><!-- close content main div --><\/div><\/div><div id='av_section_2' class='avia-section main_color avia-section-default avia-no-shadow avia-bg-style-scroll  container_wrap sidebar_right' style = 'background-color: #ffffff; '  ><div class='container' ><div class='template-page content  av-content-small alpha units'><div class='post-entry post-entry-type-page post-entry-9414'><div class='entry-content-wrapper clearfix'>\n<div class='avia-gallery avia-gallery-1 avia_lazyload avia_animate_when_visible '  itemscope=\"itemscope\" itemtype=\"https:\/\/schema.org\/ImageObject\" ><div class='avia-gallery-thumb'> <a href='https:\/\/mfk.hr\/2023\/wp-content\/uploads\/2022\/09\/patricija-horvat-1030x1030.png' data-rel='gallery-1' data-prev-img='https:\/\/mfk.hr\/2023\/wp-content\/uploads\/2022\/09\/patricija-horvat-180x180.png' class='first_thumb lightbox ' data-onclick='1' title='Patricija Horvat'  itemprop=\"thumbnailUrl\" ><img data-avia-tooltip='Patricija Horvat' src='https:\/\/mfk.hr\/2023\/wp-content\/uploads\/2022\/09\/patricija-horvat-845x684.png' width='845' height='684'  title='patricija-horvat' alt='' \/><\/a> <a href='https:\/\/mfk.hr\/2023\/wp-content\/uploads\/2022\/09\/kruno-lokotar-1030x1030.png' data-rel='gallery-1' data-prev-img='https:\/\/mfk.hr\/2023\/wp-content\/uploads\/2022\/09\/kruno-lokotar-180x180.png' class='lightbox ' data-onclick='2' title='Kruno Lokotar'  itemprop=\"thumbnailUrl\" ><img data-avia-tooltip='Kruno Lokotar' src='https:\/\/mfk.hr\/2023\/wp-content\/uploads\/2022\/09\/kruno-lokotar-845x684.png' width='845' height='684'  title='kruno-lokotar' alt='' \/><\/a> <a href='https:\/\/mfk.hr\/2023\/wp-content\/uploads\/2022\/09\/renato-bareti\u0107-1030x1030.png' data-rel='gallery-1' data-prev-img='https:\/\/mfk.hr\/2023\/wp-content\/uploads\/2022\/09\/renato-bareti\u0107-180x180.png' class='lightbox ' data-onclick='3' title='Renato Bareti\u0107'  itemprop=\"thumbnailUrl\" ><img data-avia-tooltip='Renato Bareti\u0107' src='https:\/\/mfk.hr\/2023\/wp-content\/uploads\/2022\/09\/renato-bareti\u0107-845x684.png' width='845' height='684'  title='renato-bareti\u0107' alt='' \/><\/a><\/div><\/div>\n<div  class='hr hr-short hr-center '><span class='hr-inner ' ><span class='hr-inner-style'><\/span><\/span><\/div>\n<div class=\"flex_column av_one_third  flex_column_div av-zero-column-padding first  \" style='border-radius:0px; '><section class=\"av_textblock_section\"  itemscope=\"itemscope\" itemtype=\"https:\/\/schema.org\/CreativeWork\" ><div class='avia_textblock '   itemprop=\"text\" ><h1 style=\"text-align: left;\"><strong>Patricija Horvat<\/strong><\/h1>\n<h2 style=\"text-align: left;\">(ko)urednica<\/h2>\n<div style='height:50px' class='hr hr-invisible '><span class='hr-inner ' ><span class='hr-inner-style'><\/span><\/span><\/div>\n<p><strong>Patricija Horvat<\/strong> diplomirala je engleski i njema\u010dki jezik i knji\u017eevnost. Ve\u0107 dvadesetak godina bavi se pismenim i usmenim prevo\u0111enjem kao samostalnom djelatno\u0161\u0107u. Od 2005. \u010dlanica je Dru\u0161tva hrvatskih knji\u017eevnih prevodilaca i dosad je prevela vi\u0161e od \u010detrdeset knji\u017eevnih djela s engleskog odnosno njema\u010dkog na hrvatski jezik.<\/p>\n<p>Osim prevo\u0111enjem, tijekom godina bavila se i marketingom i PR-om.<\/p>\n<p>Aktivna je i kao promotorica suvremene hrvatske knji\u017eevnosti i u razli\u010ditim je programima promovirala vi\u0161e stotina suvremenih hrvatskih knji\u017eevnih djela. Jedanaest godina organizirala je i vodila popularni splitski knji\u017eevni program \u201eBookvica\u201c a redovito sudjeluje i kao voditeljica\/moderatorica na knji\u017eevnim festivalima i tribinama (Pri\u010digin, Mediteranski festival knjige, Diskursija, Festival svjetske knji\u017eevnosti, Sajam knjige u Leipzigu i dr.).<\/p>\n<p>\u017divi i radi na relaciji Split-Zagreb.<\/p>\n<\/div><\/section><\/div><div class=\"flex_column av_one_third  flex_column_div av-zero-column-padding   \" style='border-radius:0px; '><section class=\"av_textblock_section\"  itemscope=\"itemscope\" itemtype=\"https:\/\/schema.org\/CreativeWork\" ><div class='avia_textblock '   itemprop=\"text\" ><h1 style=\"text-align: left;\"><strong>Kruno Lokotar<\/strong><\/h1>\n<h2 style=\"text-align: left;\">glavni urednik<\/h2>\n<div style='height:50px' class='hr hr-invisible '><span class='hr-inner ' ><span class='hr-inner-style'><\/span><\/span><\/div>\n<p><strong>Kruno Lokotar\u00a0<\/strong>(Daruvar, 1967)<strong>\u00a0<\/strong>diplomirao je komparativnu knji\u017eevnost, povijest i bibliotekarstvo na Filozofskom fakultetu u Zagrebu. Objavljuje kritiku, kulturolo\u0161ku publicistiku, esejistiku, putopise\u2026 preferira hibridne \u017eanrove. Ure\u0111ivao je, izme\u0111u ostaloga, kulturni magazin\u00a0<em>Godine nove\u00a0<\/em>i niz drugih publikacija, izbora, emisija\u2026<\/p>\n<p>Ustanovio je vi\u0161e nagrada za knji\u017eevnost i pokrenuo nekoliko festivala.<\/p>\n<p>Trenutno radi kao\u00a0<em>freelancer\u00a0<\/em>i vanjski urednik kod nekoliko nakladnika i kultur-treger za svoju du\u0161u, a za umjetnost, kulturu i obrazovanje generalno.<\/p>\n<p>Potpredsjednik je dru\u0161tva pisaca Hrvatske.<\/p>\n<\/div><\/section><\/div><div class=\"flex_column av_one_third  flex_column_div av-zero-column-padding   \" style='border-radius:0px; '><section class=\"av_textblock_section\"  itemscope=\"itemscope\" itemtype=\"https:\/\/schema.org\/CreativeWork\" ><div class='avia_textblock '   itemprop=\"text\" ><h1 style=\"text-align: left;\"><strong>Renato Bareti\u0107<\/strong><\/h1>\n<h2 style=\"text-align: left;\">(ko)urednik<\/h2>\n<div style='height:50px' class='hr hr-invisible '><span class='hr-inner ' ><span class='hr-inner-style'><\/span><\/span><\/div>\n<p><strong>Renato Bareti\u0107<\/strong> (Zagreb, 1963.) novinar i pisac, autor \u010detiri romana, dviju zbirki poezije te niza naslova druga\u010dije\u00a0rodno-spolne orijentacije.<\/p>\n<p>(Ko)scenarist za film i TV, autor pitanja za kvizove razli\u010ditih \u017eanrova, voditelj vje\u017ebaonice pisanja proze, suosniva\u010d\u00a0i dugogodi\u0161nji programski koordinator festivala Pri\u010digin.<\/p>\n<p>\u017divi i radi u Splitu.<\/p>\n<h5>Foto: Tonko Stojko<\/h5>\n<\/div><\/section><\/div><\/div><\/div><\/div><!-- close content main div --><\/div><\/div><div id='after_section_2' class='main_color av_default_container_wrap container_wrap sidebar_right'   ><div class='container' ><div class='template-page content  av-content-small alpha units'><div class='post-entry post-entry-type-page post-entry-9414'><div class='entry-content-wrapper clearfix'><\/div><\/div><\/div><!-- close content main div --><\/div><\/div><div id='boxtransparent4' class='avia-section main_color avia-section-no-padding avia-no-border-styling avia-bg-style-scroll  av-minimum-height av-minimum-height-custom container_wrap sidebar_right'   ><div class='container' style='height:50px'><div class='template-page content  av-content-small alpha units'><div class='post-entry post-entry-type-page post-entry-9414'><div class='entry-content-wrapper clearfix'>\n<section class=\"av_textblock_section\"  itemscope=\"itemscope\" itemtype=\"https:\/\/schema.org\/CreativeWork\" ><div class='avia_textblock '   itemprop=\"text\" ><p>AUTOR FOTOGRAFIJE: \u017dIVKO BA\u010cI\u0106<\/p>\n<\/div><\/section>\n<\/div><\/div><\/div><!-- close content main div --><\/div><\/div><div id='after_section_3' class='main_color av_default_container_wrap container_wrap sidebar_right'   ><div class='container' ><div class='template-page content  av-content-small alpha units'><div class='post-entry post-entry-type-page post-entry-9414'><div class='entry-content-wrapper clearfix'><\/p>\n","protected":false},"excerpt":{"rendered":"","protected":false},"author":4,"featured_media":0,"parent":0,"menu_order":0,"comment_status":"closed","ping_status":"closed","template":"","meta":{"footnotes":""},"yoast_head":"<!-- This site is optimized with the Yoast SEO plugin v21.1 - https:\/\/yoast.com\/wordpress\/plugins\/seo\/ -->\n<title>Program: urednici - MFK<\/title>\n<meta name=\"robots\" content=\"noindex, follow, max-snippet:-1, max-image-preview:large, max-video-preview:-1\" \/>\n<meta property=\"og:locale\" content=\"hr_HR\" \/>\n<meta property=\"og:type\" content=\"article\" \/>\n<meta property=\"og:title\" content=\"Program: urednici - MFK\" \/>\n<meta property=\"og:url\" content=\"https:\/\/mfk.hr\/2023\/program-urednici\/\" \/>\n<meta property=\"og:site_name\" content=\"MFK\" \/>\n<meta property=\"article:modified_time\" content=\"2022-09-23T19:46:56+00:00\" \/>\n<meta property=\"og:image\" content=\"https:\/\/mfk.hr\/2023\/wp-content\/uploads\/2022\/09\/urednici-mfk-programa-social-card.png\" \/>\n<meta name=\"twitter:card\" content=\"summary_large_image\" \/>\n<meta name=\"twitter:label1\" content=\"Procijenjeno vrijeme \u010ditanja\" \/>\n\t<meta name=\"twitter:data1\" content=\"5 minuta\" \/>\n<script type=\"application\/ld+json\" class=\"yoast-schema-graph\">{\"@context\":\"https:\/\/schema.org\",\"@graph\":[{\"@type\":\"WebPage\",\"@id\":\"https:\/\/mfk.hr\/2023\/program-urednici\/\",\"url\":\"https:\/\/mfk.hr\/2023\/program-urednici\/\",\"name\":\"Program: urednici - MFK\",\"isPartOf\":{\"@id\":\"https:\/\/mfk.hr\/2023\/#website\"},\"datePublished\":\"2022-09-23T18:39:29+00:00\",\"dateModified\":\"2022-09-23T19:46:56+00:00\",\"breadcrumb\":{\"@id\":\"https:\/\/mfk.hr\/2023\/program-urednici\/#breadcrumb\"},\"inLanguage\":\"hr\",\"potentialAction\":[{\"@type\":\"ReadAction\",\"target\":[\"https:\/\/mfk.hr\/2023\/program-urednici\/\"]}]},{\"@type\":\"BreadcrumbList\",\"@id\":\"https:\/\/mfk.hr\/2023\/program-urednici\/#breadcrumb\",\"itemListElement\":[{\"@type\":\"ListItem\",\"position\":1,\"name\":\"Po\u010detna stranica\",\"item\":\"https:\/\/mfk.hr\/2023\/\"},{\"@type\":\"ListItem\",\"position\":2,\"name\":\"Program: urednici\"}]},{\"@type\":\"WebSite\",\"@id\":\"https:\/\/mfk.hr\/2023\/#website\",\"url\":\"https:\/\/mfk.hr\/2023\/\",\"name\":\"MFK\",\"description\":\"mediteranski festival knjige\",\"potentialAction\":[{\"@type\":\"SearchAction\",\"target\":{\"@type\":\"EntryPoint\",\"urlTemplate\":\"https:\/\/mfk.hr\/2023\/?s={search_term_string}\"},\"query-input\":\"required name=search_term_string\"}],\"inLanguage\":\"hr\"}]}<\/script>\n<!-- \/ Yoast SEO plugin. -->","yoast_head_json":{"title":"Program: urednici - MFK","robots":{"index":"noindex","follow":"follow","max-snippet":"max-snippet:-1","max-image-preview":"max-image-preview:large","max-video-preview":"max-video-preview:-1"},"og_locale":"hr_HR","og_type":"article","og_title":"Program: urednici - MFK","og_url":"https:\/\/mfk.hr\/2023\/program-urednici\/","og_site_name":"MFK","article_modified_time":"2022-09-23T19:46:56+00:00","og_image":[{"url":"https:\/\/mfk.hr\/2023\/wp-content\/uploads\/2022\/09\/urednici-mfk-programa-social-card.png"}],"twitter_card":"summary_large_image","twitter_misc":{"Procijenjeno vrijeme \u010ditanja":"5 minuta"},"schema":{"@context":"https:\/\/schema.org","@graph":[{"@type":"WebPage","@id":"https:\/\/mfk.hr\/2023\/program-urednici\/","url":"https:\/\/mfk.hr\/2023\/program-urednici\/","name":"Program: urednici - MFK","isPartOf":{"@id":"https:\/\/mfk.hr\/2023\/#website"},"datePublished":"2022-09-23T18:39:29+00:00","dateModified":"2022-09-23T19:46:56+00:00","breadcrumb":{"@id":"https:\/\/mfk.hr\/2023\/program-urednici\/#breadcrumb"},"inLanguage":"hr","potentialAction":[{"@type":"ReadAction","target":["https:\/\/mfk.hr\/2023\/program-urednici\/"]}]},{"@type":"BreadcrumbList","@id":"https:\/\/mfk.hr\/2023\/program-urednici\/#breadcrumb","itemListElement":[{"@type":"ListItem","position":1,"name":"Po\u010detna stranica","item":"https:\/\/mfk.hr\/2023\/"},{"@type":"ListItem","position":2,"name":"Program: urednici"}]},{"@type":"WebSite","@id":"https:\/\/mfk.hr\/2023\/#website","url":"https:\/\/mfk.hr\/2023\/","name":"MFK","description":"mediteranski festival knjige","potentialAction":[{"@type":"SearchAction","target":{"@type":"EntryPoint","urlTemplate":"https:\/\/mfk.hr\/2023\/?s={search_term_string}"},"query-input":"required name=search_term_string"}],"inLanguage":"hr"}]}},"_links":{"self":[{"href":"https:\/\/mfk.hr\/2023\/wp-json\/wp\/v2\/pages\/9414"}],"collection":[{"href":"https:\/\/mfk.hr\/2023\/wp-json\/wp\/v2\/pages"}],"about":[{"href":"https:\/\/mfk.hr\/2023\/wp-json\/wp\/v2\/types\/page"}],"author":[{"embeddable":true,"href":"https:\/\/mfk.hr\/2023\/wp-json\/wp\/v2\/users\/4"}],"replies":[{"embeddable":true,"href":"https:\/\/mfk.hr\/2023\/wp-json\/wp\/v2\/comments?post=9414"}],"version-history":[{"count":20,"href":"https:\/\/mfk.hr\/2023\/wp-json\/wp\/v2\/pages\/9414\/revisions"}],"predecessor-version":[{"id":9456,"href":"https:\/\/mfk.hr\/2023\/wp-json\/wp\/v2\/pages\/9414\/revisions\/9456"}],"wp:attachment":[{"href":"https:\/\/mfk.hr\/2023\/wp-json\/wp\/v2\/media?parent=9414"}],"curies":[{"name":"wp","href":"https:\/\/api.w.org\/{rel}","templated":true}]}}