{"id":10326,"date":"2023-09-29T20:35:23","date_gmt":"2023-09-29T20:35:23","guid":{"rendered":"https:\/\/mfk.hr\/2023\/?page_id=10326"},"modified":"2023-09-29T20:35:23","modified_gmt":"2023-09-29T20:35:23","slug":"nas-veseli-dan","status":"publish","type":"page","link":"https:\/\/mfk.hr\/2023\/nas-veseli-dan\/","title":{"rendered":"NA\u0160 VESELI DAN"},"content":{"rendered":"<\/div><\/div><\/div><!-- close content main div --><\/div><\/div><div id='naslov_bijeli' class='avia-section main_color avia-section-default avia-no-shadow avia-bg-style-scroll  container_wrap sidebar_right'   ><div class='container' ><div class='template-page content  av-content-small alpha units'><div class='post-entry post-entry-type-page post-entry-10326'><div class='entry-content-wrapper clearfix'>\n<div style='padding-bottom:0px;' class='av-special-heading av-special-heading-h1   '><h1 class='av-special-heading-tag'  itemprop=\"headline\"  >NA\u0160 VESELI DAN &#8211; RADIONICA O PREHRANI DJECE <\/h1><div class='special-heading-border'><div class='special-heading-inner-border' ><\/div><\/div><\/div>\n<\/div><\/div><\/div><!-- close content main div --><\/div><\/div><div id='after_section_1' class='main_color av_default_container_wrap container_wrap sidebar_right'   ><div class='container' ><div class='template-page content  av-content-small alpha units'><div class='post-entry post-entry-type-page post-entry-10326'><div class='entry-content-wrapper clearfix'><\/div><\/div><\/div><!-- close content main div --><\/div><\/div><div id='av_section_2' class='avia-section main_color avia-section-default avia-no-shadow avia-bg-style-scroll  container_wrap sidebar_right' style = 'background-color: #ffffff; '  ><div class='container' ><div class='template-page content  av-content-small alpha units'><div class='post-entry post-entry-type-page post-entry-10326'><div class='entry-content-wrapper clearfix'>\n<section class=\"av_textblock_section\"  itemscope=\"itemscope\" itemtype=\"https:\/\/schema.org\/CreativeWork\" ><div class='avia_textblock '   itemprop=\"text\" ><h2>RADIONICA O PREHRANI DJECE<\/h2>\n<p>trajanje: 60 minuta<\/p>\n<hr \/>\n<p>Cilj radionice je pribli\u017eiti djeci zdravu prehranu i va\u017enost redovite tjelovje\u017ebe, a sve s ciljem njihovog normalnog rasta i razvoja.<\/p>\n<p>Ina\u010de, slikovnica &#8220;Na\u0161 veseli dan&#8221; je pri\u010da o radosnom djetinjstvu.<\/p>\n<p>Namijenjena je svoj veseloj, razigranoj i nesta\u0161noj djeci dobi od 3 do 7 godina koja vole crtati, igrati se, biti vani, i\u0107i u kupovinu hrane, pomagati majkama i bakama u kuhinji&#8230;<\/p>\n<p>Ova slikovnica podu\u010dava djecu brojevima, slovima, geometrijskim likovima, vezivanju vezica, \u0161to je lijevo, a \u0161to desno te nenametljivo pri\u010da o raznolikoj prehrani.<\/p>\n<p>Njezin interaktivni dio, kroz crtanje, poti\u010de male \u010ditatelje na samostalno osmi\u0161ljavanje kvalitetnih obroka \u0161to je temelj pravovremenog usvajanja dobrih prehrambenih navika za cijeli \u017eivot.<\/p>\n<p>Aktivnosti koje uklju\u010duje su sljede\u0107e:<\/p>\n<ul>\n<li>\u010ditanje slikovnice \u201eNa\u0161 veseli dan\u201c<\/li>\n<li>razgovor o zdravim obrocima,<\/li>\n<li>\u00a0razgovor o tjelovje\u017ebi, te<\/li>\n<li>crtanje zdrave u\u017eine.<\/li>\n<\/ul>\n<\/div><\/section>\n<div style='height:50px' class='hr hr-invisible '><span class='hr-inner ' ><span class='hr-inner-style'><\/span><\/span><\/div>\n<\/div><\/div><\/div><!-- close content main div --><\/div><\/div><div id='after_section_2' class='main_color av_default_container_wrap container_wrap sidebar_right'   ><div class='container' ><div class='template-page content  av-content-small alpha units'><div class='post-entry post-entry-type-page post-entry-10326'><div class='entry-content-wrapper clearfix'><\/p>\n","protected":false},"excerpt":{"rendered":"","protected":false},"author":4,"featured_media":0,"parent":0,"menu_order":0,"comment_status":"closed","ping_status":"closed","template":"","meta":{"footnotes":""},"yoast_head":"<!-- This site is optimized with the Yoast SEO plugin v21.1 - https:\/\/yoast.com\/wordpress\/plugins\/seo\/ -->\n<title>NA\u0160 VESELI DAN - MFK<\/title>\n<meta name=\"robots\" content=\"noindex, follow, max-snippet:-1, max-image-preview:large, max-video-preview:-1\" \/>\n<meta property=\"og:locale\" content=\"hr_HR\" \/>\n<meta property=\"og:type\" content=\"article\" \/>\n<meta property=\"og:title\" content=\"NA\u0160 VESELI DAN - MFK\" \/>\n<meta property=\"og:url\" content=\"https:\/\/mfk.hr\/2023\/nas-veseli-dan\/\" \/>\n<meta property=\"og:site_name\" content=\"MFK\" \/>\n<meta name=\"twitter:card\" content=\"summary_large_image\" \/>\n<script type=\"application\/ld+json\" class=\"yoast-schema-graph\">{\"@context\":\"https:\/\/schema.org\",\"@graph\":[{\"@type\":\"WebPage\",\"@id\":\"https:\/\/mfk.hr\/2023\/nas-veseli-dan\/\",\"url\":\"https:\/\/mfk.hr\/2023\/nas-veseli-dan\/\",\"name\":\"NA\u0160 VESELI DAN - MFK\",\"isPartOf\":{\"@id\":\"https:\/\/mfk.hr\/2023\/#website\"},\"datePublished\":\"2023-09-29T20:35:23+00:00\",\"dateModified\":\"2023-09-29T20:35:23+00:00\",\"breadcrumb\":{\"@id\":\"https:\/\/mfk.hr\/2023\/nas-veseli-dan\/#breadcrumb\"},\"inLanguage\":\"hr\",\"potentialAction\":[{\"@type\":\"ReadAction\",\"target\":[\"https:\/\/mfk.hr\/2023\/nas-veseli-dan\/\"]}]},{\"@type\":\"BreadcrumbList\",\"@id\":\"https:\/\/mfk.hr\/2023\/nas-veseli-dan\/#breadcrumb\",\"itemListElement\":[{\"@type\":\"ListItem\",\"position\":1,\"name\":\"Po\u010detna stranica\",\"item\":\"https:\/\/mfk.hr\/2023\/\"},{\"@type\":\"ListItem\",\"position\":2,\"name\":\"NA\u0160 VESELI DAN\"}]},{\"@type\":\"WebSite\",\"@id\":\"https:\/\/mfk.hr\/2023\/#website\",\"url\":\"https:\/\/mfk.hr\/2023\/\",\"name\":\"MFK\",\"description\":\"mediteranski festival knjige\",\"potentialAction\":[{\"@type\":\"SearchAction\",\"target\":{\"@type\":\"EntryPoint\",\"urlTemplate\":\"https:\/\/mfk.hr\/2023\/?s={search_term_string}\"},\"query-input\":\"required name=search_term_string\"}],\"inLanguage\":\"hr\"}]}<\/script>\n<!-- \/ Yoast SEO plugin. -->","yoast_head_json":{"title":"NA\u0160 VESELI DAN - MFK","robots":{"index":"noindex","follow":"follow","max-snippet":"max-snippet:-1","max-image-preview":"max-image-preview:large","max-video-preview":"max-video-preview:-1"},"og_locale":"hr_HR","og_type":"article","og_title":"NA\u0160 VESELI DAN - MFK","og_url":"https:\/\/mfk.hr\/2023\/nas-veseli-dan\/","og_site_name":"MFK","twitter_card":"summary_large_image","schema":{"@context":"https:\/\/schema.org","@graph":[{"@type":"WebPage","@id":"https:\/\/mfk.hr\/2023\/nas-veseli-dan\/","url":"https:\/\/mfk.hr\/2023\/nas-veseli-dan\/","name":"NA\u0160 VESELI DAN - MFK","isPartOf":{"@id":"https:\/\/mfk.hr\/2023\/#website"},"datePublished":"2023-09-29T20:35:23+00:00","dateModified":"2023-09-29T20:35:23+00:00","breadcrumb":{"@id":"https:\/\/mfk.hr\/2023\/nas-veseli-dan\/#breadcrumb"},"inLanguage":"hr","potentialAction":[{"@type":"ReadAction","target":["https:\/\/mfk.hr\/2023\/nas-veseli-dan\/"]}]},{"@type":"BreadcrumbList","@id":"https:\/\/mfk.hr\/2023\/nas-veseli-dan\/#breadcrumb","itemListElement":[{"@type":"ListItem","position":1,"name":"Po\u010detna stranica","item":"https:\/\/mfk.hr\/2023\/"},{"@type":"ListItem","position":2,"name":"NA\u0160 VESELI DAN"}]},{"@type":"WebSite","@id":"https:\/\/mfk.hr\/2023\/#website","url":"https:\/\/mfk.hr\/2023\/","name":"MFK","description":"mediteranski festival knjige","potentialAction":[{"@type":"SearchAction","target":{"@type":"EntryPoint","urlTemplate":"https:\/\/mfk.hr\/2023\/?s={search_term_string}"},"query-input":"required name=search_term_string"}],"inLanguage":"hr"}]}},"_links":{"self":[{"href":"https:\/\/mfk.hr\/2023\/wp-json\/wp\/v2\/pages\/10326"}],"collection":[{"href":"https:\/\/mfk.hr\/2023\/wp-json\/wp\/v2\/pages"}],"about":[{"href":"https:\/\/mfk.hr\/2023\/wp-json\/wp\/v2\/types\/page"}],"author":[{"embeddable":true,"href":"https:\/\/mfk.hr\/2023\/wp-json\/wp\/v2\/users\/4"}],"replies":[{"embeddable":true,"href":"https:\/\/mfk.hr\/2023\/wp-json\/wp\/v2\/comments?post=10326"}],"version-history":[{"count":2,"href":"https:\/\/mfk.hr\/2023\/wp-json\/wp\/v2\/pages\/10326\/revisions"}],"predecessor-version":[{"id":10329,"href":"https:\/\/mfk.hr\/2023\/wp-json\/wp\/v2\/pages\/10326\/revisions\/10329"}],"wp:attachment":[{"href":"https:\/\/mfk.hr\/2023\/wp-json\/wp\/v2\/media?parent=10326"}],"curies":[{"name":"wp","href":"https:\/\/api.w.org\/{rel}","templated":true}]}}